hat is n(-2)?
51
Let n(f) = -3*f**3 - 19*f - 46. What is n(-2)?
16
Let p(a) = 2*a**2 + 850*a + 3404. Determine p(-4).
36
Let d(r) = -28*r**3 - 2*r**2 + r - 2. Determine d(-2).
212
Let g(x) = x**3 + 14*x**2 - 19*x + 30. Calculate g(-15).
90
Let f(s) = -s**3 - 29*s**2 - 26*s + 94. Give f(-28).
38
Let b(n) = -3*n**3 - 10*n**2 + 3*n + 36. Calculate b(-3).
18
Let g(w) = 14*w**2 + 90*w - 282. What is g(3)?
114
Let h(b) = 27*b + 306. What is h(-8)?
90
Let v(p) = p**2 - 7*p - 175. Give v(-12).
53
Let p(k) = -339*k + 4735. What is p(14)?
-11
Let s(g) = 56*g**3 - 10*g**2 + 12*g - 5. Give s(1).
53
Let v(y) = y**3 - 15*y**2 + 13*y + 1. Calculate v(13).
-168
Let i(c) = -117*c - 204. Calculate i(-2).
30
Let y(d) = 3900*d - 27265. Calculate y(7).
35
Let l(a) = 2741*a + 131568. What is l(-48)?
0
Let w(h) = 7*h - 23. Calculate w(6).
19
Let q(b) = b**2 + 19*b - 210. What is q(-27)?
6
Let b(q) = 2*q**3 - 13*q**2 + 17*q - 10. Calculate b(5).
0
Let l(u) = -u**2 - 23*u + 97. Give l(-26).
19
Let i(j) = -2100*j + 109189. What is i(52)?
-11
Let l(d) = -3*d**3 + 168*d**2 - 474*d - 38. Give l(53).
121
Let l(j) = 19*j**2 - 1730*j + 54. Calculate l(91).
-37
Let j(b) = -b**2 - 4917*b - 9823. What is j(-2)?
7
Let v(i) = 289*i - 1192. Calculate v(4).
-36
Let r(p) = -546*p - 1199. Determine r(-2).
-107
Let t(d) = -15*d**2 + 8*d + 37. Determine t(-1).
14
Let n(x) = -4*x**2 - 25*x + 24. Give n(-5).
49
Let r(c) = -c**3 - 65*c**2 + 71*c + 298. What is r(-66)?
-32
Let b(z) = -28910*z + 173466. Determine b(6).
6
Let q(i) = 47*i**2 + 333*i + 14. Determine q(-7).
-14
Let x(r) = -r**3 - 23*r**2 + 15*r - 25. What is x(-24)?
191
Let d(g) = 187*g + 6903. Give d(-37).
-16
Let h(t) = 10*t**2 + 83*t - 5. Calculate h(-8).
-29
Let j(a) = a**2 - 17*a - 377. Calculate j(30).
13
Let z(u) = 29*u**3 + 14*u**2 - 28*u + 11. Give z(2).
243
Let d(n) = 2*n - 15. Determine d(3).
-9
Let h(l) = l**3 - 31*l**2 - 31*l + 6. Give h(32).
38
Let a(y) = -2*y**2 + 112*y + 436. Calculate a(60).
-44
Let s(a) = -a**2 + 79*a - 1150. What is s(19)?
-10
Let o(h) = 37*h + 1117. Give o(-26).
155
Let p(v) = -2*v**3 - 19*v**2 + 111*v + 249. Calculate p(-13).
-11
Let l(p) = -p**3 - 16*p**2 + 39*p + 597. What is l(-16)?
-27
Let j(w) = -w**2 - 73*w - 654. What is j(-9)?
-78
Let h(u) = u**3 - 10*u**2 - 10*u + 19. Give h(9).
-152
Let q(r) = 2*r**2 + 81*r + 847. What is q(-14)?
105
Let o(z) = 215*z + 16334. Give o(-76).
-6
Let d(w) = w**3 - 73*w**2 + 248*w - 7524. Give d(71).
2
Let j(f) = -245*f + 28669. Calculate j(117).
4
Let i(w) = w**2 + 160*w - 1705. Give i(10).
-5
Let a(c) = c**2 - 41*c + 282. Calculate a(32).
-6
Let u(s) = -s**3 - 38*s**2 + 23*s - 447. Give u(-39).
177
Let h(m) = 6*m**2 + 30*m - 1976. What is h(16)?
40
Let g(w) = w**2 + w - 236. Give g(14).
-26
Let q(b) = 12*b - 482. Give q(45).
58
Let o(a) = -3*a + 207. Give o(4).
195
Let a(s) = 229*s - 254. What is a(1)?
-25
Let s(t) = -17*t - 800. What is s(-46)?
-18
Let z(g) = -123*g + 98. Determine z(0).
98
Let p(x) = 232*x - 1238. Give p(5).
-78
Let b(g) = -g**3 + 11*g**2 - 11*g - 17. Calculate b(10).
-27
Let a(f) = -f**2 + 267*f + 37172. Calculate a(-101).
4
Let y(b) = 3*b**3 + 109*b**2 + 641*b + 28. Determine y(-29).
-59
Let c(a) = a**3 - 18*a**2 + 40*a + 40. Calculate c(15).
-35
Let l(y) = -y**3 + 39*y**2 + 5*y + 52. Calculate l(39).
247
Let o(t) = 13*t**3 - 50*t**2 - 25*t + 19. Determine o(5).
269
Let v(o) = 5458*o - 60034. Calculate v(11).
4
Let a(x) = -7*x**3 + 183*x**2 + 70*x - 2493. Give a(26).
3
Let k(m) = -70*m + 519. Determine k(8).
-41
Let s(f) = 10*f + 348. Give s(-37).
-22
Let g(y) = y**3 + 11*y**2 + 9*y - 14. Give g(-5).
91
Let s(j) = -6*j**3 + 40*j**2 - 27*j - 2. Determine s(3).
115
Let x(f) = 2*f**2 - 58*f + 250. Give x(22).
-58
Let q(h) = h**2 - 47*h - 1862. Give q(73).
36
Let f(j) = 331*j + 2317. Give f(-7).
0
Let g(a) = 3*a**2 + 20*a + 28. Give g(-9).
91
Let j(i) = 12*i - 138. Determine j(0).
-138
Let u(c) = 62*c - 649. What is u(9)?
-91
Let l(u) = -u**3 + 148*u**2 + 275*u + 3735. Determine l(150).
-15
Let v(n) = -n**3 - 262*n**2 - 3698*n + 98. Give v(-15).
-7
Let k(d) = -3*d**2 - 16*d - 8. Give k(4).
-120
Let l(w) = -w**3 + 66*w**2 - 176*w - 819. Determine l(63).
0
Let d(r) = 18*r**2 - 40*r - 155. Calculate d(-4).
293
Let z(l) = -l**2 + l - 14. Determine z(6).
-44
Let j(w) = 2*w**3 + 3*w**2 + 14*w + 42. What is j(-3)?
-27
Let p(o) = -5779*o + 52007. Determine p(9).
-4
Let q(p) = 42*p**2 - 1053*p + 33. Calculate q(25).
-42
Let l(r) = r**3 + r**2 - 4*r + 5. Calculate l(-3).
-1
Let h(t) = -16025*t - 128207. Give h(-8).
-7
Let h(q) = 2*q**2 + 257*q + 4259. Calculate h(-110).
189
Let h(t) = 397*t**2 + 1986*t + 10. Calculate h(-5).
5
Let q(j) = -2*j**3 + 6*j**2 + 6*j - 61. What is q(3)?
-43
Let g(q) = 177*q + 1588. Determine g(-9).
-5
Let y(f) = -2*f**2 - 350*f - 133. Give y(-175).
-133
Let f(d) = 27*d + 45. Determine f(-8).
-171
Let g(c) = -c**3 - 151*c**2 - 1135*c + 1288. Give g(-143).
1
Let a(r) = -r**3 - 25*r**2 - 51*r - 567. Determine a(-24).
81
Let c(l) = 2*l**2 - 10*l - 412. Calculate c(18).
56
Let q(c) = -c**2 + 45*c - 50. Give q(44).
-6
Let s(i) = i**3 + 5*i**2 - 1977*i - 11853. What is s(-6)?
-27
Let b(j) = -j**3 + 8*j**2 - 44*j + 94. Calculate b(3).
7
Let g(b) = 13*b - 870. Give g(66).
-12
Let j(v) = v**2 - 37*v - 25. Determine j(-2).
53
Let o(c) = -30*c + 1291. What is o(42)?
31
Let c(b) = -15*b**2 + 1037*b - 2158. Give c(67).
-14
Let l(f) = -3448*f + 106887. What is l(31)?
-1
Let x(o) = -o**2 - 8*o - 234. Calculate x(0).
-234
Let g(k) = -2532*k + 48103. What is g(19)?
-5
Let r(y) = 600*y + 6002. What is r(-10)?
2
Let d(r) = -r**3 - 27*r**2 + 220*r + 1912. Calculate d(-32).
-8
Let m(s) = s**3 + 11*s**2 + 22*s - 325. Calculate m(4).
3
Let o(x) = -10*x**2 + 200*x - 529. Give o(3).
-19
Let k(v) = 260*v - 2120. Determine k(8).
-40
Let p(j) = -50*j + 284. Determine p(7).
-66
Let f(h) = -h**2 + 12*h - 62. Calculate f(6).
-26
Let b(w) = w**2 + 1145*w - 32840. Give b(28).
4
Let w(f) = -f**3 - 18*f**2 + 241*f + 60. Give w(-27).
114
Let i(t) = 8*t**2 + 602*t - 454. Give i(-76).
2
Let m(d) = -98*d - 3722. Determine m(-38).
2
Let d(f) = -896*f + 903. Determine d(1).
7
Let o(f) = 4*f**2 - 678*f - 2780. Give o(-4).
-4
Let v(w) = 12*w**2 - 28*w - 4. Give v(-1).
36
Let q(t) = 102*t**2 + 332*t - 659. Calculate q(2).
413
Let x(d) = 7*d**2 - 541*d - 13. What is x(0)?
-13
Let k(u) = 6*u - 98. What is k(9)?
-44
Let z(c) = 143*c - 132. Give z(1).
11
Let n(f) = -2*f**2 - 225*f + 2853. Determine n(-124).
1
Let y(r) = 151*r - 1516. Calculate y(10).
-6
Let x(r) = 3*r**2 + 3*r - 249. Determine x(-9).
-33
Let b(g) = 21*g - 2575. What is b(123)?
8
Let y(s) = s**3 + 24*s**2 + 115*s - 11. Calculate y(-9).
169
Let t(z) = z**2 - 35*z + 145. Give t(27).
-71
Let k(i) = 392*i**2 + 139*i - 139. What is k(1)?
392
Let r(j) = 37*j**2 - 188*j + 11. Give r(5).
-4
Let a(f) = -59*f + 2935. What is a(43)?
398
Let f(i) = i**3 - 38*i**2 + 193*i - 937. Give f(33).
-13
Let g(v) = -2*v**3 + 283*v**2 + 130*v + 1708. Calculate g(142).
4
Let s(a) = -14*a**2 + 97*a + 178. What is s(-2)?
-72
Let a(j) = -32*j**2 - 33*j - 40. Give a(-2).
-102
Let h(s) = 101*s - 531. Determine h(5).
-26
Let m(q) = 3*q**2 - 437*q + 15315. Give m(87).
3
Let o(y) = y**3 - 24*y**2 + 54*y - 60. What is o(21)?
-249
Let a(c) = -c**3 - 16*c**2 + 65*c + 35. Calculate a(-19).
-117
Let w(a) = -15*a - 100. Calculate w(-6).
-10
Let u(z) = -9*z - 732. Determine u(-81).
-3
Let d(j) = 3*j**3 - 13*j**2 + 82*j - 308. Calculate d(4).
4
Let t(q) = -29*q**2 - 19*q + 85. Calculate t(2).
-69
Let w(l) = -4*l**2 + 229*l + 1435. Give w(63).
-14
Let g(l) = -26*l + 263. Calculate g(10).
3
Let j(l) = -l**2 - 24*l - 122. What is j(-8)?
6
Let t(c) = -18*c**2 + 36*c - 233. Give t(5).
-503
Let q(d) = -329*d + 73350. Determine q(223).
-17
Let c(b) = 2*b**3 - 392*b - 6. Determine c(14).
-6
Let g(j) = -j**3 + 91*j**2 + 288*j - 569. Give g(94).
-5
Let p(m) = -115*m - 3011. Give p(-26).
-21
Let a(l) = 2*l**3 - 21*l**2 + 11*l + 21. Calculate a(10).
31
Let n(c) = -c**3 + 11*c**2 + 11*c - 38. Give n(12).
-50
Let o(d) = d**2 - 336*d - 1329. What is o(-4)?
31
Let v(k) = -k**3 + 5*k**2 + 26*k - 131. Give v(5).
-1
Let m(h) = -h**3 + 26*h**2 - 31*h + 395. Calculate m(26).
-411
Let t(m) = 5*m**2 + 205*m - 12. Determine t(-39).
-402
Let u(l) = -l**3 - 7*l